{"id":6681,"date":"2022-05-26T13:09:30","date_gmt":"2022-05-26T11:09:30","guid":{"rendered":"https:\/\/lion-environnement.org\/?page_id=6681"},"modified":"2024-03-19T14:08:51","modified_gmt":"2024-03-19T13:08:51","slug":"planter-des-vegetaux-dans-lespace-public-une-action-ten","status":"publish","type":"page","link":"https:\/\/lion-environnement.org\/index.php\/participer\/sorties-nature\/planter-des-vegetaux-dans-lespace-public-une-action-ten\/","title":{"rendered":"Planter des v\u00e9g\u00e9taux dans l&rsquo;espace public (une action TEN)"},"content":{"rendered":"\n<p>La lutte contre le changement climatique passe par une v\u00e9g\u00e9talisation accrue de l&rsquo;espace public. Cette action fait partie du programme lionnais du Territoire Engag\u00e9 pour la Nature. Lion-Environnement collabore avec la municipalit\u00e9 pour mener cette action.<\/p>\n\n\n\n<p>L&rsquo;ann\u00e9e 2022 se joue en deux temps<\/p>\n\n\n\n<h4 class=\"wp-block-heading\">cartographie des emplacements o\u00f9 agir<\/h4>\n\n\n\n<p>Les \u00e9quipes dressent un inventaire complet des emplacements potentiels pour des plantations (arbres ou arbustes). Conjointement avec les services techniques, les b\u00e9n\u00e9voles de Lion-Environnement dressent une cartographie \u00e9tay\u00e9e des points d&rsquo;action, en pr\u00e9cisant les enjeux et moyens :<br>&#8211; favoriser la biodiversit\u00e9<br>&#8211; accro\u00eetre les zones mellif\u00e8res,<br>&#8211; am\u00e9liorer le cadre paysager de la station<br>Cet inventaire sera fait pour partie avec les jeunes du Conseil Municipal des Jeunes pour partager la connaissance des arbres et des v\u00e9g\u00e9taux.<\/p>\n\n\n\n<p> Les \u00e9quipes identifient aussi les zones o\u00f9 une d\u00e9simperm\u00e9abilisation des sols serait possible. La variation des r\u00e9gimes pluviom\u00e9triques n\u00e9cessite de favoriser l&rsquo;absorption par les sols des eaux de pluies plut\u00f4t que de les rejeter \u00e0 la mer. <\/p>\n\n\n\n<h3 class=\"wp-block-heading has-text-align-center\">Rep\u00e9rage des sites o\u00f9 planter des arbres ou des arbustes<\/h3>\n\n\n\n<div class=\"wp-block-columns is-layout-flex wp-container-core-columns-is-layout-9d6595d7 wp-block-columns-is-layout-flex\">\n<div class=\"wp-block-column is-layout-flow wp-block-column-is-layout-flow\">\n<figure class=\"wp-block-image size-full\"><img loading=\"lazy\" decoding=\"async\" width=\"432\" height=\"272\" src=\"https:\/\/lion-environnement.org\/wp-content\/uploads\/2024\/03\/ModopIgn-0.png\" alt=\"\" class=\"wp-image-8105\" srcset=\"https:\/\/lion-environnement.org\/wp-content\/uploads\/2024\/03\/ModopIgn-0.png 432w, https:\/\/lion-environnement.org\/wp-content\/uploads\/2024\/03\/ModopIgn-0-300x189.png 300w\" sizes=\"auto, (max-width: 432px) 100vw, 432px\" \/><\/figure>\n<\/div>\n\n\n\n<div class=\"wp-block-column is-layout-flow wp-block-column-is-layout-flow\">\n<figure class=\"wp-block-image size-full\"><img loading=\"lazy\" decoding=\"async\" width=\"656\" height=\"444\" src=\"https:\/\/lion-environnement.org\/wp-content\/uploads\/2024\/03\/ModOpIgn-1.png\" alt=\"\" class=\"wp-image-8106\" srcset=\"https:\/\/lion-environnement.org\/wp-content\/uploads\/2024\/03\/ModOpIgn-1.png 656w, https:\/\/lion-environnement.org\/wp-content\/uploads\/2024\/03\/ModOpIgn-1-300x203.png 300w\" sizes=\"auto, (max-width: 656px) 100vw, 656px\" \/><\/figure>\n<\/div>\n\n\n\n<div class=\"wp-block-column is-layout-flow wp-block-column-is-layout-flow\">\n<p>Pour zoomer\/d\u00e9zoomer, <br>utiliser la mollette de votre souris,<br>ou deux doigts sur votre trackpad ou \u00e9cran tactile<\/p>\n<\/div>\n<\/div>\n\n\n\n<iframe loading=\"lazy\" width=\"800\" height=\"800\" src=\"https:\/\/macarte.ign.fr\/carte\/bad552a187df7c57f2f36734f30535ee\/TEN_Reperage_arbres_ou_arbustes?ifs=medium\" frameborder=\"0\" marginheight=\"0\" marginwidth=\"0\"><\/iframe>\n\n\n\n<h4 class=\"wp-block-heading\">Premi\u00e8res r\u00e9alisation<\/h4>\n\n\n\n<p>En juillet, commande des plants et petits mat\u00e9riels n\u00e9cessaires <br>En octobre, ex\u00e9cution des travaux de d\u00e9simperm\u00e9abilisation programm\u00e9s pour 2022<br>En novembre, plantation et organisation d&rsquo;\u00e9v\u00e9nements autour de cette action<\/p>\n\n\n\n<h4 class=\"wp-block-heading\">Pourquoi augmenter les plantations en ville ?<\/h4>\n\n\n\n<p>Arbres et arbustes n&rsquo;ont pas qu&rsquo;un aspect d&rsquo;agr\u00e9ment.<br>Ils contribuent \u00e0 l&rsquo;am\u00e9lioration de notre vie quotidienne sur trois plans :<br>&#8211; Ils luttent contre le r\u00e9chauffement climatique en apportant de l&rsquo;ombre et r\u00e9duisent de quelques degr\u00e9s les sols prot\u00e9g\u00e9s,<br>&#8211; Ils luttent contre la perte des eaux pluviales en permettant gr\u00e2ce \u00e0 leurs syst\u00e8mes racinaires un recyclage naturel des eaux vers les nappes phr\u00e9atiques. Cela diminue d&rsquo;autant les rejets dans les r\u00e9seaux d&rsquo;\u00e9vacuation,<br>&#8211; Ils luttent contre la pollution en s\u00e9questrant le carbone et d&rsquo;autres polluants a\u00e9riens contribuant ainsi \u00e0 une meilleure sant\u00e9 des habitants.<br>Les exemples abondent <a rel=\"noreferrer noopener\" href=\"https:\/\/www.rts.ch\/play\/tv\/redirect\/detail\/12937579\" target=\"_blank\">comme ici \u00e0 Lausanne<\/a>  <\/p>\n\n\n\n<div class=\"wp-block-media-text alignwide is-stacked-on-mobile\"><figure class=\"wp-block-media-text__media\"><img loading=\"lazy\" decoding=\"async\" width=\"530\" height=\"641\" src=\"https:\/\/lion-environnement.org\/wp-content\/uploads\/2022\/05\/Arbres_01.jpeg\" alt=\"\" class=\"wp-image-6683 size-full\" srcset=\"https:\/\/lion-environnement.org\/wp-content\/uploads\/2022\/05\/Arbres_01.jpeg 530w, https:\/\/lion-environnement.org\/wp-content\/uploads\/2022\/05\/Arbres_01-248x300.jpeg 248w\" sizes=\"auto, (max-width: 530px) 100vw, 530px\" \/><\/figure><div class=\"wp-block-media-text__content\">\n<p class=\"has-medium-font-size\"><strong>A retenir : un arbre de 5 m3 peut absorber l&rsquo;\u00e9quivalent de 5 tonnes de CO2. Cela correspond aux \u00e9missions de 5 vols aller-retour entre Paris et New York <\/strong><\/p>\n\n\n\n<p>(source ONF)<\/p>\n<\/div><\/div>\n\n\n\n<h4 class=\"wp-block-heading\">Pourquoi rendre les sols urbains perm\u00e9ables ?<\/h4>\n\n\n\n<p>Pour en savoir plus sur les enjeux de la d\u00e9simperm\u00e9abilisation des sols <a href=\"https:\/\/www.youtube.com\/watch?v=y9ykz63zqs4\" target=\"_blank\" rel=\"noreferrer noopener\">une vid\u00e9o de quelques minutes<\/a><\/p>\n","protected":false},"excerpt":{"rendered":"<p>La lutte contre le changement climatique passe par une v\u00e9g\u00e9talisation accrue de l&rsquo;espace public. Cette action fait partie du programme lionnais du Territoire Engag\u00e9 pour la Nature. Lion-Environnement collabore avec la municipalit\u00e9 pour mener cette action. L&rsquo;ann\u00e9e 2022 se joue en deux temps cartographie des emplacements o\u00f9 agir Les \u00e9quipes dressent un inventaire complet des\u2026<\/p>\n","protected":false},"author":1559,"featured_media":6684,"parent":1045,"menu_order":0,"comment_status":"closed","ping_status":"closed","template":"fullwidth.php","meta":{"footnotes":""},"class_list":["post-6681","page","type-page","status-publish","has-post-thumbnail","hentry"],"_wp_attached_file":null,"_wp_attachment_metadata":null,"_menu_item_type":null,"_menu_item_menu_item_parent":null,"_menu_item_object_id":null,"_menu_item_object":null,"_menu_item_target":null,"_menu_item_classes":null,"_menu_item_xfn":null,"_menu_item_url":null,"_eventorganiser_event_schedule":null,"_eventorganiser_schedule_until":null,"_wpas_done_all":null,"_eventorganiser_schedule_start_start":null,"_eventorganiser_schedule_start_finish":null,"_eventorganiser_schedule_last_start":null,"_eventorganiser_schedule_last_finish":null,"_wp_attachment_backup_sizes":null,"_wp_attachment_context":null,"event_address":null,"event_start_date":null,"event_to_time":null,"event_from_time":null,"event_end_date":null,"_oembed_7e6c0eb53f1b87dceeb7157df4c64ecd":null,"_oembed_ac860e2f1183d5fbf8efad3e14b2b998":null,"_oembed_2fa3d1dc2e72f2f3db15582a07766e9d":null,"_oembed_ba1f94dfef6f2f056282005c87e1dd1f":null,"_oembed_b4fa8c58de01621c3377349423193585":null,"_oembed_2c076515dc13114e0a07a701157042d8":null,"_oembed_time_2c076515dc13114e0a07a701157042d8":null,"_su_description":null,"_wp_attachment_is_custom_header":null,"_wp_attachment_custom_header_last_used_enigma":null,"_mc_event_shortcode":null,"_mc_event_access":null,"_mc_event_id":null,"_mc_event_desc":null,"_mc_event_image":null,"_event_time_label":null,"_mc_event_data":null,"_snap_forceSURL":null,"snap_MYURL":null,"snapEdIT":null,"_mc_event_location":null,"_oembed_cdb00187755a40067dfed1152b83fa85":null,"_oembed_2a2b1181a4872c3fcae632ccb831338e":null,"_oembed_223e8f80fcafbbb0e655c3b852ad258b":null,"_oembed_f2dbc4e0e03552dca3704dc9d3b35b81":null,"_oembed_0f31e9c8d775433415a564642134b876":null,"_oembed_37f37d6d5d0f763259b5f2d5c6698765":null,"_oembed_7d585094b05c3c88729a16a5d0b76382":null,"_oembed_49e3f6fef25f62658e66c1baa5716b3c":null,"_oembed_3bbcd6cd9ba0f8e8cead97d8bddbbbae":null,"_oembed_6107383b394908a78bf711554ae8a1e4":null,"_oembed_5d6a5ae5cd2e93d5022ed2485426fcf4":null,"_oembed_422f96ea83a4884539ceb42326a11ee5":null,"_oembed_ab6628735dc0e2101ba08ec87fcef1b7":null,"_oembed_75bd89488fe790d8e4f203396bb84c81":null,"_oembed_time_75bd89488fe790d8e4f203396bb84c81":null,"_oembed_c6d8784021cf1310fe080cd343275a5a":null,"_oembed_time_c6d8784021cf1310fe080cd343275a5a":null,"_wp_attachment_custom_header_last_used_greenigma":null,"_wp_attachment_is_custom_background":null,"enclosure":null,"_oembed_3bca2a21e398bc75f8a1b2ec60f88d23":null,"_oembed_25600d5f25f51af7be904b38ccae40ec":null,"_oembed_time_25600d5f25f51af7be904b38ccae40ec":null,"_mc_guid":null,"_mc4wp_settings":null,"text_subscribed":null,"text_invalid_email":null,"text_required_field_missing":null,"text_already_subscribed":null,"text_error":null,"text_unsubscribed":null,"text_not_subscribed":null,"text_no_lists_selected":null,"text_updated":null,"_bbp_reply_count_hidden":null,"_bbp_topic_count_hidden":null,"_bbp_total_topic_count":null,"_bbp_topic_count":null,"_bbp_total_reply_count":null,"_bbp_reply_count":null,"_bbp_forum_subforum_count":null,"_bbp_last_active_time":null,"user_registration_form_setting_default_user_role":null,"user_registration_form_setting_enable_strong_password":null,"user_registration_form_setting_minimum_password_strength":null,"user_registration_form_setting_form_submit_label":null,"user_registration_form_setting_enable_recaptcha_support":null,"user_registration_form_template":null,"user_registration_form_custom_class":null,"_oembed_ef95b2b98f04716f23e0a4eed7816e1b":null,"_oembed_time_ef95b2b98f04716f23e0a4eed7816e1b":null,"_wp_attachment_image_alt":null,"_mc_event_date":null,"_customize_changeset_uuid":null,"sg_popup_target":null,"sg_popup_events":null,"sg_popup_options":null,"_oembed_caf01abe71309dc253791159ac4336cb":null,"_sgpb_original":null,"sg_popup_events_preview":null,"sg_popup_options_preview":null,"sg_popup_target_preview":null,"user_registration_form_setting_redirect_options":null,"_oembed_10c4a1529e884332ff612b45feeae083":null,"_bbp_forum_id":null,"_bbp_last_topic_id":null,"_bbp_last_reply_id":null,"_bbp_last_active_id":null,"_form":null,"_mail":null,"_mail_2":null,"_messages":null,"_additional_settings":null,"_locale":null,"_elementor_css":null,"_menu_sgpb_popup_id":null,"_oembed_bbc07775835a27fca3dab6de0a78c453":null,"cmplz_tc_document_status":null,"_oembed_a8eea5673581fdb5da3c215c1676eaf2":null,"_oembed_time_a8eea5673581fdb5da3c215c1676eaf2":null,"_bbp_forum_type":null,"_bbp_status":null,"_bbp_total_reply_count_hidden":null,"_wp_page_template":"fullwidth.php","_edit_last":"1559","_edit_lock":"1710853736:1559","_su_rich_snippet_type":"none","xyz_fbap":"1","xyz_fbap_insert_og":"1","_thumbnail_id":"6684","_jetpack_dont_email_post_to_subs":null,"_su_title":null,"_cmplz_scanned_post":"1","xyz_fbap_future_to_publish":{"post_fb_permission":1,"xyz_fbap_po_method":"2","xyz_fbap_message":"{POST_TITLE} vient d'\u00eatre publi\u00e9 sur {BLOG_TITLE}"},"_wp_old_slug":null,"_wp_old_date":null,"cmplz_hide_cookiebanner":"","_elementor_template_type":null,"_elementor_edit_mode":null,"_elementor_data":null,"_elementor_version":null,"_elementor_controls_usage":null,"classic-editor-remember":null,"_wp_trash_meta_status":null,"_wp_trash_meta_time":null,"_wp_desired_post_slug":null,"yoast_head":"<!-- This site is optimized with the Yoast SEO plugin v27.4 - https:\/\/yoast.com\/product\/yoast-seo-wordpress\/ -->\n<title>Planter des v\u00e9g\u00e9taux dans l&#039;espace public (une action TEN) - Lion Environnement<\/title>\n<meta name=\"robots\" content=\"index, follow, max-snippet:-1, max-image-preview:large, max-video-preview:-1\" \/>\n<link rel=\"canonical\" href=\"https:\/\/lion-environnement.org\/index.php\/participer\/sorties-nature\/planter-des-vegetaux-dans-lespace-public-une-action-ten\/\" \/>\n<meta property=\"og:locale\" content=\"fr_FR\" \/>\n<meta property=\"og:type\" content=\"article\" \/>\n<meta property=\"og:title\" content=\"Planter des v\u00e9g\u00e9taux dans l&#039;espace public (une action TEN) - Lion Environnement\" \/>\n<meta property=\"og:description\" content=\"La lutte contre le changement climatique passe par une v\u00e9g\u00e9talisation accrue de l&rsquo;espace public. Cette action fait partie du programme lionnais du Territoire Engag\u00e9 pour la Nature. Lion-Environnement collabore avec la municipalit\u00e9 pour mener cette action. L&rsquo;ann\u00e9e 2022 se joue en deux temps cartographie des emplacements o\u00f9 agir Les \u00e9quipes dressent un inventaire complet des\u2026\" \/>\n<meta property=\"og:url\" content=\"https:\/\/lion-environnement.org\/index.php\/participer\/sorties-nature\/planter-des-vegetaux-dans-lespace-public-une-action-ten\/\" \/>\n<meta property=\"og:site_name\" content=\"Lion Environnement\" \/>\n<meta property=\"article:publisher\" content=\"https:\/\/www.facebook.com\/LionEnvironnement\/?locale=fr_FR\" \/>\n<meta property=\"article:modified_time\" content=\"2024-03-19T13:08:51+00:00\" \/>\n<meta property=\"og:image\" content=\"https:\/\/lion-environnement.org\/wp-content\/uploads\/2022\/05\/evapotranspiration-icu.png\" \/>\n\t<meta property=\"og:image:width\" content=\"538\" \/>\n\t<meta property=\"og:image:height\" content=\"341\" \/>\n\t<meta property=\"og:image:type\" content=\"image\/png\" \/>\n<meta name=\"twitter:card\" content=\"summary_large_image\" \/>\n<meta name=\"twitter:label1\" content=\"Dur\u00e9e de lecture estim\u00e9e\" \/>\n\t<meta name=\"twitter:data1\" content=\"2 minutes\" \/>\n<script type=\"application\/ld+json\" class=\"yoast-schema-graph\">{\"@context\":\"https:\\\/\\\/schema.org\",\"@graph\":[{\"@type\":\"WebPage\",\"@id\":\"https:\\\/\\\/lion-environnement.org\\\/index.php\\\/participer\\\/sorties-nature\\\/planter-des-vegetaux-dans-lespace-public-une-action-ten\\\/\",\"url\":\"https:\\\/\\\/lion-environnement.org\\\/index.php\\\/participer\\\/sorties-nature\\\/planter-des-vegetaux-dans-lespace-public-une-action-ten\\\/\",\"name\":\"Planter des v\u00e9g\u00e9taux dans l'espace public (une action TEN) - Lion Environnement\",\"isPartOf\":{\"@id\":\"https:\\\/\\\/lion-environnement.org\\\/#website\"},\"primaryImageOfPage\":{\"@id\":\"https:\\\/\\\/lion-environnement.org\\\/index.php\\\/participer\\\/sorties-nature\\\/planter-des-vegetaux-dans-lespace-public-une-action-ten\\\/#primaryimage\"},\"image\":{\"@id\":\"https:\\\/\\\/lion-environnement.org\\\/index.php\\\/participer\\\/sorties-nature\\\/planter-des-vegetaux-dans-lespace-public-une-action-ten\\\/#primaryimage\"},\"thumbnailUrl\":\"https:\\\/\\\/lion-environnement.org\\\/wp-content\\\/uploads\\\/2022\\\/05\\\/evapotranspiration-icu.png\",\"datePublished\":\"2022-05-26T11:09:30+00:00\",\"dateModified\":\"2024-03-19T13:08:51+00:00\",\"breadcrumb\":{\"@id\":\"https:\\\/\\\/lion-environnement.org\\\/index.php\\\/participer\\\/sorties-nature\\\/planter-des-vegetaux-dans-lespace-public-une-action-ten\\\/#breadcrumb\"},\"inLanguage\":\"fr-FR\",\"potentialAction\":[{\"@type\":\"ReadAction\",\"target\":[\"https:\\\/\\\/lion-environnement.org\\\/index.php\\\/participer\\\/sorties-nature\\\/planter-des-vegetaux-dans-lespace-public-une-action-ten\\\/\"]}]},{\"@type\":\"ImageObject\",\"inLanguage\":\"fr-FR\",\"@id\":\"https:\\\/\\\/lion-environnement.org\\\/index.php\\\/participer\\\/sorties-nature\\\/planter-des-vegetaux-dans-lespace-public-une-action-ten\\\/#primaryimage\",\"url\":\"https:\\\/\\\/lion-environnement.org\\\/wp-content\\\/uploads\\\/2022\\\/05\\\/evapotranspiration-icu.png\",\"contentUrl\":\"https:\\\/\\\/lion-environnement.org\\\/wp-content\\\/uploads\\\/2022\\\/05\\\/evapotranspiration-icu.png\",\"width\":538,\"height\":341},{\"@type\":\"BreadcrumbList\",\"@id\":\"https:\\\/\\\/lion-environnement.org\\\/index.php\\\/participer\\\/sorties-nature\\\/planter-des-vegetaux-dans-lespace-public-une-action-ten\\\/#breadcrumb\",\"itemListElement\":[{\"@type\":\"ListItem\",\"position\":1,\"name\":\"Accueil\",\"item\":\"https:\\\/\\\/lion-environnement.org\\\/\"},{\"@type\":\"ListItem\",\"position\":2,\"name\":\"Participer\",\"item\":\"https:\\\/\\\/lion-environnement.org\\\/index.php\\\/participer\\\/\"},{\"@type\":\"ListItem\",\"position\":3,\"name\":\"Sorties Nature\",\"item\":\"https:\\\/\\\/lion-environnement.org\\\/index.php\\\/participer\\\/sorties-nature\\\/\"},{\"@type\":\"ListItem\",\"position\":4,\"name\":\"Planter des v\u00e9g\u00e9taux dans l&rsquo;espace public (une action TEN)\"}]},{\"@type\":\"WebSite\",\"@id\":\"https:\\\/\\\/lion-environnement.org\\\/#website\",\"url\":\"https:\\\/\\\/lion-environnement.org\\\/\",\"name\":\"Lion Environnement\",\"description\":\"Lions nos \u00e9nergies pour pr\u00e9server l&#039;environnement et la sant\u00e9\",\"publisher\":{\"@id\":\"https:\\\/\\\/lion-environnement.org\\\/#organization\"},\"potentialAction\":[{\"@type\":\"SearchAction\",\"target\":{\"@type\":\"EntryPoint\",\"urlTemplate\":\"https:\\\/\\\/lion-environnement.org\\\/?s={search_term_string}\"},\"query-input\":{\"@type\":\"PropertyValueSpecification\",\"valueRequired\":true,\"valueName\":\"search_term_string\"}}],\"inLanguage\":\"fr-FR\"},{\"@type\":\"Organization\",\"@id\":\"https:\\\/\\\/lion-environnement.org\\\/#organization\",\"name\":\"Lion Environnement\",\"url\":\"https:\\\/\\\/lion-environnement.org\\\/\",\"logo\":{\"@type\":\"ImageObject\",\"inLanguage\":\"fr-FR\",\"@id\":\"https:\\\/\\\/lion-environnement.org\\\/#\\\/schema\\\/logo\\\/image\\\/\",\"url\":\"https:\\\/\\\/lion-environnement.org\\\/wp-content\\\/uploads\\\/2016\\\/04\\\/logoLElongWeb-1.jpg\",\"contentUrl\":\"https:\\\/\\\/lion-environnement.org\\\/wp-content\\\/uploads\\\/2016\\\/04\\\/logoLElongWeb-1.jpg\",\"width\":487,\"height\":113,\"caption\":\"Lion Environnement\"},\"image\":{\"@id\":\"https:\\\/\\\/lion-environnement.org\\\/#\\\/schema\\\/logo\\\/image\\\/\"},\"sameAs\":[\"https:\\\/\\\/www.facebook.com\\\/LionEnvironnement\\\/?locale=fr_FR\",\"https:\\\/\\\/www.instagram.com\\\/environnementlion\"]}]}<\/script>\n<!-- \/ Yoast SEO plugin. -->","yoast_head_json":{"title":"Planter des v\u00e9g\u00e9taux dans l'espace public (une action TEN) - Lion Environnement","robots":{"index":"index","follow":"follow","max-snippet":"max-snippet:-1","max-image-preview":"max-image-preview:large","max-video-preview":"max-video-preview:-1"},"canonical":"https:\/\/lion-environnement.org\/index.php\/participer\/sorties-nature\/planter-des-vegetaux-dans-lespace-public-une-action-ten\/","og_locale":"fr_FR","og_type":"article","og_title":"Planter des v\u00e9g\u00e9taux dans l'espace public (une action TEN) - Lion Environnement","og_description":"La lutte contre le changement climatique passe par une v\u00e9g\u00e9talisation accrue de l&rsquo;espace public. Cette action fait partie du programme lionnais du Territoire Engag\u00e9 pour la Nature. Lion-Environnement collabore avec la municipalit\u00e9 pour mener cette action. L&rsquo;ann\u00e9e 2022 se joue en deux temps cartographie des emplacements o\u00f9 agir Les \u00e9quipes dressent un inventaire complet des\u2026","og_url":"https:\/\/lion-environnement.org\/index.php\/participer\/sorties-nature\/planter-des-vegetaux-dans-lespace-public-une-action-ten\/","og_site_name":"Lion Environnement","article_publisher":"https:\/\/www.facebook.com\/LionEnvironnement\/?locale=fr_FR","article_modified_time":"2024-03-19T13:08:51+00:00","og_image":[{"width":538,"height":341,"url":"https:\/\/lion-environnement.org\/wp-content\/uploads\/2022\/05\/evapotranspiration-icu.png","type":"image\/png"}],"twitter_card":"summary_large_image","twitter_misc":{"Dur\u00e9e de lecture estim\u00e9e":"2 minutes"},"schema":{"@context":"https:\/\/schema.org","@graph":[{"@type":"WebPage","@id":"https:\/\/lion-environnement.org\/index.php\/participer\/sorties-nature\/planter-des-vegetaux-dans-lespace-public-une-action-ten\/","url":"https:\/\/lion-environnement.org\/index.php\/participer\/sorties-nature\/planter-des-vegetaux-dans-lespace-public-une-action-ten\/","name":"Planter des v\u00e9g\u00e9taux dans l'espace public (une action TEN) - Lion Environnement","isPartOf":{"@id":"https:\/\/lion-environnement.org\/#website"},"primaryImageOfPage":{"@id":"https:\/\/lion-environnement.org\/index.php\/participer\/sorties-nature\/planter-des-vegetaux-dans-lespace-public-une-action-ten\/#primaryimage"},"image":{"@id":"https:\/\/lion-environnement.org\/index.php\/participer\/sorties-nature\/planter-des-vegetaux-dans-lespace-public-une-action-ten\/#primaryimage"},"thumbnailUrl":"https:\/\/lion-environnement.org\/wp-content\/uploads\/2022\/05\/evapotranspiration-icu.png","datePublished":"2022-05-26T11:09:30+00:00","dateModified":"2024-03-19T13:08:51+00:00","breadcrumb":{"@id":"https:\/\/lion-environnement.org\/index.php\/participer\/sorties-nature\/planter-des-vegetaux-dans-lespace-public-une-action-ten\/#breadcrumb"},"inLanguage":"fr-FR","potentialAction":[{"@type":"ReadAction","target":["https:\/\/lion-environnement.org\/index.php\/participer\/sorties-nature\/planter-des-vegetaux-dans-lespace-public-une-action-ten\/"]}]},{"@type":"ImageObject","inLanguage":"fr-FR","@id":"https:\/\/lion-environnement.org\/index.php\/participer\/sorties-nature\/planter-des-vegetaux-dans-lespace-public-une-action-ten\/#primaryimage","url":"https:\/\/lion-environnement.org\/wp-content\/uploads\/2022\/05\/evapotranspiration-icu.png","contentUrl":"https:\/\/lion-environnement.org\/wp-content\/uploads\/2022\/05\/evapotranspiration-icu.png","width":538,"height":341},{"@type":"BreadcrumbList","@id":"https:\/\/lion-environnement.org\/index.php\/participer\/sorties-nature\/planter-des-vegetaux-dans-lespace-public-une-action-ten\/#breadcrumb","itemListElement":[{"@type":"ListItem","position":1,"name":"Accueil","item":"https:\/\/lion-environnement.org\/"},{"@type":"ListItem","position":2,"name":"Participer","item":"https:\/\/lion-environnement.org\/index.php\/participer\/"},{"@type":"ListItem","position":3,"name":"Sorties Nature","item":"https:\/\/lion-environnement.org\/index.php\/participer\/sorties-nature\/"},{"@type":"ListItem","position":4,"name":"Planter des v\u00e9g\u00e9taux dans l&rsquo;espace public (une action TEN)"}]},{"@type":"WebSite","@id":"https:\/\/lion-environnement.org\/#website","url":"https:\/\/lion-environnement.org\/","name":"Lion Environnement","description":"Lions nos \u00e9nergies pour pr\u00e9server l&#039;environnement et la sant\u00e9","publisher":{"@id":"https:\/\/lion-environnement.org\/#organization"},"potentialAction":[{"@type":"SearchAction","target":{"@type":"EntryPoint","urlTemplate":"https:\/\/lion-environnement.org\/?s={search_term_string}"},"query-input":{"@type":"PropertyValueSpecification","valueRequired":true,"valueName":"search_term_string"}}],"inLanguage":"fr-FR"},{"@type":"Organization","@id":"https:\/\/lion-environnement.org\/#organization","name":"Lion Environnement","url":"https:\/\/lion-environnement.org\/","logo":{"@type":"ImageObject","inLanguage":"fr-FR","@id":"https:\/\/lion-environnement.org\/#\/schema\/logo\/image\/","url":"https:\/\/lion-environnement.org\/wp-content\/uploads\/2016\/04\/logoLElongWeb-1.jpg","contentUrl":"https:\/\/lion-environnement.org\/wp-content\/uploads\/2016\/04\/logoLElongWeb-1.jpg","width":487,"height":113,"caption":"Lion Environnement"},"image":{"@id":"https:\/\/lion-environnement.org\/#\/schema\/logo\/image\/"},"sameAs":["https:\/\/www.facebook.com\/LionEnvironnement\/?locale=fr_FR","https:\/\/www.instagram.com\/environnementlion"]}]}},"_links":{"self":[{"href":"https:\/\/lion-environnement.org\/index.php\/wp-json\/wp\/v2\/pages\/6681","targetHints":{"allow":["GET"]}}],"collection":[{"href":"https:\/\/lion-environnement.org\/index.php\/wp-json\/wp\/v2\/pages"}],"about":[{"href":"https:\/\/lion-environnement.org\/index.php\/wp-json\/wp\/v2\/types\/page"}],"author":[{"embeddable":true,"href":"https:\/\/lion-environnement.org\/index.php\/wp-json\/wp\/v2\/users\/1559"}],"replies":[{"embeddable":true,"href":"https:\/\/lion-environnement.org\/index.php\/wp-json\/wp\/v2\/comments?post=6681"}],"version-history":[{"count":10,"href":"https:\/\/lion-environnement.org\/index.php\/wp-json\/wp\/v2\/pages\/6681\/revisions"}],"predecessor-version":[{"id":8109,"href":"https:\/\/lion-environnement.org\/index.php\/wp-json\/wp\/v2\/pages\/6681\/revisions\/8109"}],"up":[{"embeddable":true,"href":"https:\/\/lion-environnement.org\/index.php\/wp-json\/wp\/v2\/pages\/1045"}],"wp:featuredmedia":[{"embeddable":true,"href":"https:\/\/lion-environnement.org\/index.php\/wp-json\/wp\/v2\/media\/6684"}],"wp:attachment":[{"href":"https:\/\/lion-environnement.org\/index.php\/wp-json\/wp\/v2\/media?parent=6681"}],"curies":[{"name":"wp","href":"https:\/\/api.w.org\/{rel}","templated":true}]}}