{"id":6492,"date":"2022-04-07T11:33:35","date_gmt":"2022-04-07T09:33:35","guid":{"rendered":"https:\/\/lion-environnement.org\/?page_id=6492"},"modified":"2022-05-16T17:20:06","modified_gmt":"2022-05-16T15:20:06","slug":"lion-sur-mer-territoire-engage-nature","status":"publish","type":"page","link":"https:\/\/lion-environnement.org\/index.php\/participer\/sorties-nature\/lion-sur-mer-territoire-engage-nature\/","title":{"rendered":"Lion sur Mer Territoire Engag\u00e9 pour la Nature (TEN)"},"content":{"rendered":"\n<h2 class=\"wp-block-heading\">Lion sur Mer est l&rsquo;un d&rsquo;eux<\/h2>\n\n\n\n<p class=\"has-drop-cap\">Au cours de l\u2019ann\u00e9e 2021, la commune de Lion-sur-mer a \u00e9labor\u00e9 en partenariat avec Lion Environnement un dossier de candidature pour \u00eatre reconnue \u00ab<em><strong>\u00a0territoire engag\u00e9 pour la nature\u00a0<\/strong><\/em>\u00bb<br>Le Jury r\u00e9gional a jug\u00e9 la candidature pertinente et accord\u00e9 cette reconnaissance \u00e0 la commune en d\u00e9cembre dernier.<\/p>\n\n\n\n<h5 class=\"wp-block-heading\"><strong>Mais TEN, c\u2019est quoi\u00a0?<\/strong><\/h5>\n\n\n\n<p>Il s\u2019agit d\u2019un engagement de la commune sur 3 ans dans une d\u00e9marche d\u2019am\u00e9lioration de la connaissance et de la protection de la biodiversit\u00e9 sur son territoire et ce, avec les habitants, les \u00e9coles, les associations\u2026<\/p>\n\n\n\n<h5 class=\"wp-block-heading\"><strong>Quelles sont les actions programm\u00e9es\u00a0?<\/strong><\/h5>\n\n\n\n<p class=\"has-drop-cap\">Le dossier de candidature comprend un questionnaire tr\u00e8s complet qui permet d\u2019identifier les actions favorables d\u00e9j\u00e0 r\u00e9alis\u00e9es mais aussi les marges de progr\u00e8s. Les actions peuvent couvrir des aspects tr\u00e8s diff\u00e9rents de protection directe mais aussi indirecte. On peut citer une r\u00e9flexion sur l\u2019\u00e9clairage nocturne qui impacte les chauves-souris et les migrateurs, la probl\u00e9matique des d\u00e9chets (impact sur les esp\u00e8ces marines), les produits toxiques qui se concentrent dans les esp\u00e8ces animales, la sensibilisation des jardiniers sur le jardinage naturel, des sorties scolaires&#8230;<\/p>\n\n\n\n<p>Mais le dossier de candidature comprend 4 actions majeures\u00a0:<\/p>\n\n\n\n<ul class=\"wp-block-list\"><li>l\u2019inventaire de la biodiversit\u00e9 de la commune (faune et flore),<\/li><li>la plantation de 300 arbres et arbustes dans la commune avec la d\u00e9simperm\u00e9abilisation de certains secteurs (retrait du bitume),<\/li><li>la protection d\u2019un oiseau migrateur, le Martinet noir, par la pose de nichoirs sur des b\u00e2timents. Lion-sur-mer \u00abvillage des martinets\u00a0\u00bb,<\/li><li>la cr\u00e9ation d\u2019une haie en limite sud de la zone urbanis\u00e9e (chemin en bordure du cimeti\u00e8re) pour cr\u00e9er un corridor \u00e9cologique entre le secteur bocager du ch\u00e2teau de Lion et Hermanville.<\/li><\/ul>\n\n\n\n<p class=\"has-drop-cap\">Tous les habitants sont invit\u00e9s \u00e0 participer \u00e0 la mise en \u0153uvre de ces actions\u00a0: regardez les affiches dans les vitrines, les panneaux lumineux, les sites internet de lion environnement et de la mairie, la page facebook de Lion environnement\u2026 pour \u00eatre inform\u00e9s des activit\u00e9s.<\/p>\n\n\n\n<p class=\"has-small-font-size\"><em>Pour toutes questions sur ce dispositif :<br>Alain DESMEULLES &#8211; Mairie de Lion sur mer &#8211; 06 33 23 36 88<br>Bruno DUMEIGE &#8211; Lion-Environnement &#8211; 06 61 13 57 21 (Heures des repas)<\/em><\/p>\n","protected":false},"excerpt":{"rendered":"<p>Lion sur Mer est l&rsquo;un d&rsquo;eux Au cours de l\u2019ann\u00e9e 2021, la commune de Lion-sur-mer a \u00e9labor\u00e9 en partenariat avec Lion Environnement un dossier de candidature pour \u00eatre reconnue \u00ab\u00a0territoire engag\u00e9 pour la nature\u00a0\u00bbLe Jury r\u00e9gional a jug\u00e9 la candidature pertinente et accord\u00e9 cette reconnaissance \u00e0 la commune en d\u00e9cembre dernier. Mais TEN, c\u2019est quoi\u00a0?\u2026<\/p>\n","protected":false},"author":1559,"featured_media":6482,"parent":1045,"menu_order":0,"comment_status":"closed","ping_status":"closed","template":"fullwidth.php","meta":{"footnotes":""},"class_list":["post-6492","page","type-page","status-publish","has-post-thumbnail","hentry"],"_wp_attached_file":null,"_wp_attachment_metadata":null,"_menu_item_type":null,"_menu_item_menu_item_parent":null,"_menu_item_object_id":null,"_menu_item_object":null,"_menu_item_target":null,"_menu_item_classes":null,"_menu_item_xfn":null,"_menu_item_url":null,"_eventorganiser_event_schedule":null,"_eventorganiser_schedule_until":null,"_wpas_done_all":null,"_eventorganiser_schedule_start_start":null,"_eventorganiser_schedule_start_finish":null,"_eventorganiser_schedule_last_start":null,"_eventorganiser_schedule_last_finish":null,"_wp_attachment_backup_sizes":null,"_wp_attachment_context":null,"event_address":null,"event_start_date":null,"event_to_time":null,"event_from_time":null,"event_end_date":null,"_oembed_7e6c0eb53f1b87dceeb7157df4c64ecd":null,"_oembed_ac860e2f1183d5fbf8efad3e14b2b998":null,"_oembed_2fa3d1dc2e72f2f3db15582a07766e9d":null,"_oembed_ba1f94dfef6f2f056282005c87e1dd1f":null,"_oembed_b4fa8c58de01621c3377349423193585":null,"_oembed_2c076515dc13114e0a07a701157042d8":null,"_oembed_time_2c076515dc13114e0a07a701157042d8":null,"_su_description":null,"_wp_attachment_is_custom_header":null,"_wp_attachment_custom_header_last_used_enigma":null,"_mc_event_shortcode":null,"_mc_event_access":null,"_mc_event_id":null,"_mc_event_desc":null,"_mc_event_image":null,"_event_time_label":null,"_mc_event_data":null,"_snap_forceSURL":null,"snap_MYURL":null,"snapEdIT":null,"_mc_event_location":null,"_oembed_cdb00187755a40067dfed1152b83fa85":null,"_oembed_2a2b1181a4872c3fcae632ccb831338e":null,"_oembed_223e8f80fcafbbb0e655c3b852ad258b":null,"_oembed_f2dbc4e0e03552dca3704dc9d3b35b81":null,"_oembed_0f31e9c8d775433415a564642134b876":null,"_oembed_37f37d6d5d0f763259b5f2d5c6698765":null,"_oembed_7d585094b05c3c88729a16a5d0b76382":null,"_oembed_49e3f6fef25f62658e66c1baa5716b3c":null,"_oembed_3bbcd6cd9ba0f8e8cead97d8bddbbbae":null,"_oembed_6107383b394908a78bf711554ae8a1e4":null,"_oembed_5d6a5ae5cd2e93d5022ed2485426fcf4":null,"_oembed_422f96ea83a4884539ceb42326a11ee5":null,"_oembed_ab6628735dc0e2101ba08ec87fcef1b7":null,"_oembed_75bd89488fe790d8e4f203396bb84c81":null,"_oembed_time_75bd89488fe790d8e4f203396bb84c81":null,"_oembed_c6d8784021cf1310fe080cd343275a5a":null,"_oembed_time_c6d8784021cf1310fe080cd343275a5a":null,"_wp_attachment_custom_header_last_used_greenigma":null,"_wp_attachment_is_custom_background":null,"enclosure":null,"_oembed_3bca2a21e398bc75f8a1b2ec60f88d23":null,"_oembed_25600d5f25f51af7be904b38ccae40ec":null,"_oembed_time_25600d5f25f51af7be904b38ccae40ec":null,"_mc_guid":null,"_mc4wp_settings":null,"text_subscribed":null,"text_invalid_email":null,"text_required_field_missing":null,"text_already_subscribed":null,"text_error":null,"text_unsubscribed":null,"text_not_subscribed":null,"text_no_lists_selected":null,"text_updated":null,"_bbp_reply_count_hidden":null,"_bbp_topic_count_hidden":null,"_bbp_total_topic_count":null,"_bbp_topic_count":null,"_bbp_total_reply_count":null,"_bbp_reply_count":null,"_bbp_forum_subforum_count":null,"_bbp_last_active_time":null,"user_registration_form_setting_default_user_role":null,"user_registration_form_setting_enable_strong_password":null,"user_registration_form_setting_minimum_password_strength":null,"user_registration_form_setting_form_submit_label":null,"user_registration_form_setting_enable_recaptcha_support":null,"user_registration_form_template":null,"user_registration_form_custom_class":null,"_oembed_ef95b2b98f04716f23e0a4eed7816e1b":null,"_oembed_time_ef95b2b98f04716f23e0a4eed7816e1b":null,"_wp_attachment_image_alt":null,"_mc_event_date":null,"_customize_changeset_uuid":null,"sg_popup_target":null,"sg_popup_events":null,"sg_popup_options":null,"_oembed_caf01abe71309dc253791159ac4336cb":null,"_sgpb_original":null,"sg_popup_events_preview":null,"sg_popup_options_preview":null,"sg_popup_target_preview":null,"user_registration_form_setting_redirect_options":null,"_oembed_10c4a1529e884332ff612b45feeae083":null,"_bbp_forum_id":null,"_bbp_last_topic_id":null,"_bbp_last_reply_id":null,"_bbp_last_active_id":null,"_form":null,"_mail":null,"_mail_2":null,"_messages":null,"_additional_settings":null,"_locale":null,"_elementor_css":null,"_menu_sgpb_popup_id":null,"_oembed_bbc07775835a27fca3dab6de0a78c453":null,"cmplz_tc_document_status":null,"_oembed_a8eea5673581fdb5da3c215c1676eaf2":null,"_oembed_time_a8eea5673581fdb5da3c215c1676eaf2":null,"_bbp_forum_type":null,"_bbp_status":null,"_bbp_total_reply_count_hidden":null,"_wp_page_template":"fullwidth.php","_edit_last":"1559","_edit_lock":"1652714464:1559","_su_rich_snippet_type":"none","xyz_fbap":"1","xyz_fbap_insert_og":"1","_thumbnail_id":"6482","_jetpack_dont_email_post_to_subs":null,"_su_title":null,"_cmplz_scanned_post":"1","xyz_fbap_future_to_publish":{"post_fb_permission":0,"xyz_fbap_po_method":"2","xyz_fbap_message":"{POST_TITLE} vient d'\u00eatre publi\u00e9 sur {BLOG_TITLE}"},"_wp_old_slug":null,"_wp_old_date":null,"cmplz_hide_cookiebanner":"","_elementor_template_type":null,"_elementor_edit_mode":null,"_elementor_data":null,"_elementor_version":null,"_elementor_controls_usage":null,"classic-editor-remember":"block-editor","_wp_trash_meta_status":null,"_wp_trash_meta_time":null,"_wp_desired_post_slug":null,"yoast_head":"<!-- This site is optimized with the Yoast SEO plugin v27.4 - https:\/\/yoast.com\/product\/yoast-seo-wordpress\/ -->\n<title>Lion sur Mer Territoire Engag\u00e9 pour la Nature (TEN) - Lion Environnement<\/title>\n<meta name=\"robots\" content=\"index, follow, max-snippet:-1, max-image-preview:large, max-video-preview:-1\" \/>\n<link rel=\"canonical\" href=\"https:\/\/lion-environnement.org\/index.php\/participer\/sorties-nature\/lion-sur-mer-territoire-engage-nature\/\" \/>\n<meta property=\"og:locale\" content=\"fr_FR\" \/>\n<meta property=\"og:type\" content=\"article\" \/>\n<meta property=\"og:title\" content=\"Lion sur Mer Territoire Engag\u00e9 pour la Nature (TEN) - Lion Environnement\" \/>\n<meta property=\"og:description\" content=\"Lion sur Mer est l&rsquo;un d&rsquo;eux Au cours de l\u2019ann\u00e9e 2021, la commune de Lion-sur-mer a \u00e9labor\u00e9 en partenariat avec Lion Environnement un dossier de candidature pour \u00eatre reconnue \u00ab\u00a0territoire engag\u00e9 pour la nature\u00a0\u00bbLe Jury r\u00e9gional a jug\u00e9 la candidature pertinente et accord\u00e9 cette reconnaissance \u00e0 la commune en d\u00e9cembre dernier. Mais TEN, c\u2019est quoi\u00a0?\u2026\" \/>\n<meta property=\"og:url\" content=\"https:\/\/lion-environnement.org\/index.php\/participer\/sorties-nature\/lion-sur-mer-territoire-engage-nature\/\" \/>\n<meta property=\"og:site_name\" content=\"Lion Environnement\" \/>\n<meta property=\"article:publisher\" content=\"https:\/\/www.facebook.com\/LionEnvironnement\/?locale=fr_FR\" \/>\n<meta property=\"article:modified_time\" content=\"2022-05-16T15:20:06+00:00\" \/>\n<meta property=\"og:image\" content=\"https:\/\/lion-environnement.org\/wp-content\/uploads\/2022\/03\/Logo_TEN-1-e1652714259341.png\" \/>\n\t<meta property=\"og:image:width\" content=\"378\" \/>\n\t<meta property=\"og:image:height\" content=\"378\" \/>\n\t<meta property=\"og:image:type\" content=\"image\/png\" \/>\n<meta name=\"twitter:card\" content=\"summary_large_image\" \/>\n<meta name=\"twitter:label1\" content=\"Dur\u00e9e de lecture estim\u00e9e\" \/>\n\t<meta name=\"twitter:data1\" content=\"2 minutes\" \/>\n<script type=\"application\/ld+json\" class=\"yoast-schema-graph\">{\"@context\":\"https:\\\/\\\/schema.org\",\"@graph\":[{\"@type\":\"WebPage\",\"@id\":\"https:\\\/\\\/lion-environnement.org\\\/index.php\\\/participer\\\/sorties-nature\\\/lion-sur-mer-territoire-engage-nature\\\/\",\"url\":\"https:\\\/\\\/lion-environnement.org\\\/index.php\\\/participer\\\/sorties-nature\\\/lion-sur-mer-territoire-engage-nature\\\/\",\"name\":\"Lion sur Mer Territoire Engag\u00e9 pour la Nature (TEN) - Lion Environnement\",\"isPartOf\":{\"@id\":\"https:\\\/\\\/lion-environnement.org\\\/#website\"},\"primaryImageOfPage\":{\"@id\":\"https:\\\/\\\/lion-environnement.org\\\/index.php\\\/participer\\\/sorties-nature\\\/lion-sur-mer-territoire-engage-nature\\\/#primaryimage\"},\"image\":{\"@id\":\"https:\\\/\\\/lion-environnement.org\\\/index.php\\\/participer\\\/sorties-nature\\\/lion-sur-mer-territoire-engage-nature\\\/#primaryimage\"},\"thumbnailUrl\":\"https:\\\/\\\/lion-environnement.org\\\/wp-content\\\/uploads\\\/2022\\\/03\\\/Logo_TEN-1-e1652714259341.png\",\"datePublished\":\"2022-04-07T09:33:35+00:00\",\"dateModified\":\"2022-05-16T15:20:06+00:00\",\"breadcrumb\":{\"@id\":\"https:\\\/\\\/lion-environnement.org\\\/index.php\\\/participer\\\/sorties-nature\\\/lion-sur-mer-territoire-engage-nature\\\/#breadcrumb\"},\"inLanguage\":\"fr-FR\",\"potentialAction\":[{\"@type\":\"ReadAction\",\"target\":[\"https:\\\/\\\/lion-environnement.org\\\/index.php\\\/participer\\\/sorties-nature\\\/lion-sur-mer-territoire-engage-nature\\\/\"]}]},{\"@type\":\"ImageObject\",\"inLanguage\":\"fr-FR\",\"@id\":\"https:\\\/\\\/lion-environnement.org\\\/index.php\\\/participer\\\/sorties-nature\\\/lion-sur-mer-territoire-engage-nature\\\/#primaryimage\",\"url\":\"https:\\\/\\\/lion-environnement.org\\\/wp-content\\\/uploads\\\/2022\\\/03\\\/Logo_TEN-1-e1652714259341.png\",\"contentUrl\":\"https:\\\/\\\/lion-environnement.org\\\/wp-content\\\/uploads\\\/2022\\\/03\\\/Logo_TEN-1-e1652714259341.png\",\"width\":378,\"height\":378},{\"@type\":\"BreadcrumbList\",\"@id\":\"https:\\\/\\\/lion-environnement.org\\\/index.php\\\/participer\\\/sorties-nature\\\/lion-sur-mer-territoire-engage-nature\\\/#breadcrumb\",\"itemListElement\":[{\"@type\":\"ListItem\",\"position\":1,\"name\":\"Accueil\",\"item\":\"https:\\\/\\\/lion-environnement.org\\\/\"},{\"@type\":\"ListItem\",\"position\":2,\"name\":\"Participer\",\"item\":\"https:\\\/\\\/lion-environnement.org\\\/index.php\\\/participer\\\/\"},{\"@type\":\"ListItem\",\"position\":3,\"name\":\"Sorties Nature\",\"item\":\"https:\\\/\\\/lion-environnement.org\\\/index.php\\\/participer\\\/sorties-nature\\\/\"},{\"@type\":\"ListItem\",\"position\":4,\"name\":\"Lion sur Mer Territoire Engag\u00e9 pour la Nature (TEN)\"}]},{\"@type\":\"WebSite\",\"@id\":\"https:\\\/\\\/lion-environnement.org\\\/#website\",\"url\":\"https:\\\/\\\/lion-environnement.org\\\/\",\"name\":\"Lion Environnement\",\"description\":\"Lions nos \u00e9nergies pour pr\u00e9server l&#039;environnement et la sant\u00e9\",\"publisher\":{\"@id\":\"https:\\\/\\\/lion-environnement.org\\\/#organization\"},\"potentialAction\":[{\"@type\":\"SearchAction\",\"target\":{\"@type\":\"EntryPoint\",\"urlTemplate\":\"https:\\\/\\\/lion-environnement.org\\\/?s={search_term_string}\"},\"query-input\":{\"@type\":\"PropertyValueSpecification\",\"valueRequired\":true,\"valueName\":\"search_term_string\"}}],\"inLanguage\":\"fr-FR\"},{\"@type\":\"Organization\",\"@id\":\"https:\\\/\\\/lion-environnement.org\\\/#organization\",\"name\":\"Lion Environnement\",\"url\":\"https:\\\/\\\/lion-environnement.org\\\/\",\"logo\":{\"@type\":\"ImageObject\",\"inLanguage\":\"fr-FR\",\"@id\":\"https:\\\/\\\/lion-environnement.org\\\/#\\\/schema\\\/logo\\\/image\\\/\",\"url\":\"https:\\\/\\\/lion-environnement.org\\\/wp-content\\\/uploads\\\/2016\\\/04\\\/logoLElongWeb-1.jpg\",\"contentUrl\":\"https:\\\/\\\/lion-environnement.org\\\/wp-content\\\/uploads\\\/2016\\\/04\\\/logoLElongWeb-1.jpg\",\"width\":487,\"height\":113,\"caption\":\"Lion Environnement\"},\"image\":{\"@id\":\"https:\\\/\\\/lion-environnement.org\\\/#\\\/schema\\\/logo\\\/image\\\/\"},\"sameAs\":[\"https:\\\/\\\/www.facebook.com\\\/LionEnvironnement\\\/?locale=fr_FR\",\"https:\\\/\\\/www.instagram.com\\\/environnementlion\"]}]}<\/script>\n<!-- \/ Yoast SEO plugin. -->","yoast_head_json":{"title":"Lion sur Mer Territoire Engag\u00e9 pour la Nature (TEN) - Lion Environnement","robots":{"index":"index","follow":"follow","max-snippet":"max-snippet:-1","max-image-preview":"max-image-preview:large","max-video-preview":"max-video-preview:-1"},"canonical":"https:\/\/lion-environnement.org\/index.php\/participer\/sorties-nature\/lion-sur-mer-territoire-engage-nature\/","og_locale":"fr_FR","og_type":"article","og_title":"Lion sur Mer Territoire Engag\u00e9 pour la Nature (TEN) - Lion Environnement","og_description":"Lion sur Mer est l&rsquo;un d&rsquo;eux Au cours de l\u2019ann\u00e9e 2021, la commune de Lion-sur-mer a \u00e9labor\u00e9 en partenariat avec Lion Environnement un dossier de candidature pour \u00eatre reconnue \u00ab\u00a0territoire engag\u00e9 pour la nature\u00a0\u00bbLe Jury r\u00e9gional a jug\u00e9 la candidature pertinente et accord\u00e9 cette reconnaissance \u00e0 la commune en d\u00e9cembre dernier. Mais TEN, c\u2019est quoi\u00a0?\u2026","og_url":"https:\/\/lion-environnement.org\/index.php\/participer\/sorties-nature\/lion-sur-mer-territoire-engage-nature\/","og_site_name":"Lion Environnement","article_publisher":"https:\/\/www.facebook.com\/LionEnvironnement\/?locale=fr_FR","article_modified_time":"2022-05-16T15:20:06+00:00","og_image":[{"width":378,"height":378,"url":"https:\/\/lion-environnement.org\/wp-content\/uploads\/2022\/03\/Logo_TEN-1-e1652714259341.png","type":"image\/png"}],"twitter_card":"summary_large_image","twitter_misc":{"Dur\u00e9e de lecture estim\u00e9e":"2 minutes"},"schema":{"@context":"https:\/\/schema.org","@graph":[{"@type":"WebPage","@id":"https:\/\/lion-environnement.org\/index.php\/participer\/sorties-nature\/lion-sur-mer-territoire-engage-nature\/","url":"https:\/\/lion-environnement.org\/index.php\/participer\/sorties-nature\/lion-sur-mer-territoire-engage-nature\/","name":"Lion sur Mer Territoire Engag\u00e9 pour la Nature (TEN) - Lion Environnement","isPartOf":{"@id":"https:\/\/lion-environnement.org\/#website"},"primaryImageOfPage":{"@id":"https:\/\/lion-environnement.org\/index.php\/participer\/sorties-nature\/lion-sur-mer-territoire-engage-nature\/#primaryimage"},"image":{"@id":"https:\/\/lion-environnement.org\/index.php\/participer\/sorties-nature\/lion-sur-mer-territoire-engage-nature\/#primaryimage"},"thumbnailUrl":"https:\/\/lion-environnement.org\/wp-content\/uploads\/2022\/03\/Logo_TEN-1-e1652714259341.png","datePublished":"2022-04-07T09:33:35+00:00","dateModified":"2022-05-16T15:20:06+00:00","breadcrumb":{"@id":"https:\/\/lion-environnement.org\/index.php\/participer\/sorties-nature\/lion-sur-mer-territoire-engage-nature\/#breadcrumb"},"inLanguage":"fr-FR","potentialAction":[{"@type":"ReadAction","target":["https:\/\/lion-environnement.org\/index.php\/participer\/sorties-nature\/lion-sur-mer-territoire-engage-nature\/"]}]},{"@type":"ImageObject","inLanguage":"fr-FR","@id":"https:\/\/lion-environnement.org\/index.php\/participer\/sorties-nature\/lion-sur-mer-territoire-engage-nature\/#primaryimage","url":"https:\/\/lion-environnement.org\/wp-content\/uploads\/2022\/03\/Logo_TEN-1-e1652714259341.png","contentUrl":"https:\/\/lion-environnement.org\/wp-content\/uploads\/2022\/03\/Logo_TEN-1-e1652714259341.png","width":378,"height":378},{"@type":"BreadcrumbList","@id":"https:\/\/lion-environnement.org\/index.php\/participer\/sorties-nature\/lion-sur-mer-territoire-engage-nature\/#breadcrumb","itemListElement":[{"@type":"ListItem","position":1,"name":"Accueil","item":"https:\/\/lion-environnement.org\/"},{"@type":"ListItem","position":2,"name":"Participer","item":"https:\/\/lion-environnement.org\/index.php\/participer\/"},{"@type":"ListItem","position":3,"name":"Sorties Nature","item":"https:\/\/lion-environnement.org\/index.php\/participer\/sorties-nature\/"},{"@type":"ListItem","position":4,"name":"Lion sur Mer Territoire Engag\u00e9 pour la Nature (TEN)"}]},{"@type":"WebSite","@id":"https:\/\/lion-environnement.org\/#website","url":"https:\/\/lion-environnement.org\/","name":"Lion Environnement","description":"Lions nos \u00e9nergies pour pr\u00e9server l&#039;environnement et la sant\u00e9","publisher":{"@id":"https:\/\/lion-environnement.org\/#organization"},"potentialAction":[{"@type":"SearchAction","target":{"@type":"EntryPoint","urlTemplate":"https:\/\/lion-environnement.org\/?s={search_term_string}"},"query-input":{"@type":"PropertyValueSpecification","valueRequired":true,"valueName":"search_term_string"}}],"inLanguage":"fr-FR"},{"@type":"Organization","@id":"https:\/\/lion-environnement.org\/#organization","name":"Lion Environnement","url":"https:\/\/lion-environnement.org\/","logo":{"@type":"ImageObject","inLanguage":"fr-FR","@id":"https:\/\/lion-environnement.org\/#\/schema\/logo\/image\/","url":"https:\/\/lion-environnement.org\/wp-content\/uploads\/2016\/04\/logoLElongWeb-1.jpg","contentUrl":"https:\/\/lion-environnement.org\/wp-content\/uploads\/2016\/04\/logoLElongWeb-1.jpg","width":487,"height":113,"caption":"Lion Environnement"},"image":{"@id":"https:\/\/lion-environnement.org\/#\/schema\/logo\/image\/"},"sameAs":["https:\/\/www.facebook.com\/LionEnvironnement\/?locale=fr_FR","https:\/\/www.instagram.com\/environnementlion"]}]}},"_links":{"self":[{"href":"https:\/\/lion-environnement.org\/index.php\/wp-json\/wp\/v2\/pages\/6492","targetHints":{"allow":["GET"]}}],"collection":[{"href":"https:\/\/lion-environnement.org\/index.php\/wp-json\/wp\/v2\/pages"}],"about":[{"href":"https:\/\/lion-environnement.org\/index.php\/wp-json\/wp\/v2\/types\/page"}],"author":[{"embeddable":true,"href":"https:\/\/lion-environnement.org\/index.php\/wp-json\/wp\/v2\/users\/1559"}],"replies":[{"embeddable":true,"href":"https:\/\/lion-environnement.org\/index.php\/wp-json\/wp\/v2\/comments?post=6492"}],"version-history":[{"count":4,"href":"https:\/\/lion-environnement.org\/index.php\/wp-json\/wp\/v2\/pages\/6492\/revisions"}],"predecessor-version":[{"id":6575,"href":"https:\/\/lion-environnement.org\/index.php\/wp-json\/wp\/v2\/pages\/6492\/revisions\/6575"}],"up":[{"embeddable":true,"href":"https:\/\/lion-environnement.org\/index.php\/wp-json\/wp\/v2\/pages\/1045"}],"wp:featuredmedia":[{"embeddable":true,"href":"https:\/\/lion-environnement.org\/index.php\/wp-json\/wp\/v2\/media\/6482"}],"wp:attachment":[{"href":"https:\/\/lion-environnement.org\/index.php\/wp-json\/wp\/v2\/media?parent=6492"}],"curies":[{"name":"wp","href":"https:\/\/api.w.org\/{rel}","templated":true}]}}