{"id":2114,"date":"2018-04-22T09:12:19","date_gmt":"2018-04-22T07:12:19","guid":{"rendered":"https:\/\/lion-environnement.org\/?page_id=2114"},"modified":"2022-08-17T16:37:55","modified_gmt":"2022-08-17T14:37:55","slug":"au-pied-du-mur","status":"publish","type":"page","link":"https:\/\/lion-environnement.org\/index.php\/participer\/au-pied-du-mur\/","title":{"rendered":"Au Pied du Mur"},"content":{"rendered":"\n<h2 class=\"wp-block-heading\">Redonnons vie \u00e0 nos murs<\/h2>\n\n\n\n<p>Chacun observe la diminution de la biodiversit\u00e9, r\u00e9duction des populations d&rsquo;oiseaux, disparition de certaines esp\u00e8ces d&rsquo;insectes, apparition de plantes invasives au d\u00e9triment de plantes locales&#8230;<\/p>\n\n\n\n<p>Parall\u00e8lement, les scientifiques alertent depuis pr\u00e8s de quarante ans sur le d\u00e9r\u00e8glement climatique, li\u00e9 entre autres \u00e0 l&rsquo;augmentation du taux de gaz carbonique dans l&rsquo;atmosph\u00e8re.<\/p>\n\n\n\n<p>Ce constat fait, nous pouvons agir localement avec des actions simples<\/p>\n\n\n\n<ul class=\"wp-block-list\"><li>Planter un (des) arbre(s) pour stocker le carbone de l&rsquo;air &#8211; En anglais on dit \u00ab\u00a0s\u00e9questrer\u00a0\u00bb le carbone.<\/li><li>Multiplier les esp\u00e8ces fleuries pour fournir une alimentation vari\u00e9e aux insectes pollinisateurs, et offrir aux insectivores une meilleure richesse alimentaire.<\/li><\/ul>\n\n\n\n<h3 class=\"wp-block-heading\">Lion-Environnement vous aide \u00e0 agir<\/h3>\n\n\n\n<p>Vous pouvez planter (ou laisser pousser) sur le domaine public des plantes et des fleurs au pied de vos murs.<br>Et pour \u00e9viter que la municipalit\u00e9 ne les d\u00e9truise lors des op\u00e9rations r\u00e9guli\u00e8res de nettoyage, Lion-Environnement balise les murs que vous souhaitez prot\u00e9ger du br\u00fblage.<\/p>\n\n\n\n<h4 class=\"wp-block-heading\">Comment \u00e7a se passe<\/h4>\n\n\n\n<figure class=\"wp-block-table\"><table><tbody><tr><td>Vous souhaitez fleurir vos murs. Vous signalez \u00e0 Lion-Environnement (<a href=\"mailto:lion.apdm@lion-environnement.org?subject=&quot;je suis int\u00e9ress\u00e9&quot;\" rel=\"noopener noreferrer\">par un mail en cliquant sur ce lien<\/a>) votre int\u00e9r\u00eat. Vous indiquez votre adresse pr\u00e9cise et Lion-Environnement vous rencontre pour vous pr\u00e9ciser les r\u00e8gles \u00e0 appliquer (<a href=\"#APDM_Regles\">voir ci-dessous)<\/a>, valider l&rsquo;op\u00e9ration et marquer votre mur pour le pr\u00e9server. Cela fait vous entretenez votre pied de mur comme bon vous semble.<\/td><td><img loading=\"lazy\" decoding=\"async\" class=\"alignnone size-medium wp-image-3842\" src=\"https:\/\/lion-environnement.org\/wp-content\/uploads\/2019\/04\/01-CREPAN-logo-VERT-POCHOIR-LION-SUR-MER-300x219.png\" alt=\"\" width=\"300\" height=\"219\"><\/td><\/tr><\/tbody><\/table><\/figure>\n\n\n\n<p><span style=\"font-size: 14pt;\"><strong><a href=\"https:\/\/lion-environnement.org\/index.php\/2019\/07\/08\/promenade-au-pied-des-murs-de-lion-sur-mer\/\">cliquez sur les diff\u00e9rents liens ci-dessous :<\/a><\/strong><\/span><\/p>\n\n\n\n<ul class=\"wp-block-list\"><li><span style=\"font-size: 14pt;\"><strong><a href=\"https:\/\/lion-environnement.org\/index.php\/rues-au-pied-du-mur\/\">D\u00c9COUVREZ O\u00d9 SONT LES RUES AU PIED DU MUR<\/a><\/strong><\/span><\/li><li><span style=\"font-size: 14pt;\"><strong><a href=\"https:\/\/lion-environnement.org\/index.php\/2019\/06\/15\/jardiner-la-rue-expo\/\">EXPOSITION \u00ab\u00a0JARDINER LA RUE\u00a0\u00bb<\/a><\/strong><\/span> r\u00e9alis\u00e9e par <a href=\"http:\/\/www.cauegironde.com\/jardiner-la-rue-3\/\">(CAUE Gironde)<\/a><\/li><\/ul>\n\n\n\n<h5 class=\"wp-block-heading\"><a id=\"APDM_Regles\"><\/a>R\u00e8gles applicables.<\/h5>\n\n\n\n<ul class=\"wp-block-list\"><li>La v\u00e9g\u00e9tation doit laisser 0,7 m pour la circulation sur le trottoir (si celui-ci est mat\u00e9rialis\u00e9 &#8211; bitume &#8211; ciment)<\/li><li>La v\u00e9g\u00e9tation doit \u00eatre r\u00e9guli\u00e8rement taill\u00e9e, nettoy\u00e9e et \u00e9ventuellement arros\u00e9e.<\/li><li>Les esp\u00e8ces invasives ou allerg\u00e8nes doivent \u00eatre proscrites<\/li><li>Au del\u00e0 des r\u00e8gles ci-dessus vous pouvez choisir librement de laisser pousser des esp\u00e8ces sauvages ou de planter des esp\u00e8ces horticoles<\/li><\/ul>\n\n\n\n<h4 class=\"wp-block-heading\">Documentation:<\/h4>\n\n\n\n<p>Les documents ont \u00e9t\u00e9 r\u00e9alis\u00e9s par Caen Au Pied du Mur, le CREPAN, Ville de Rennes, le MCE, Bretagne vivante, Soci\u00e9t\u00e9 d&rsquo;horticulture&#8230; :<\/p>\n\n\n\n<ul class=\"wp-block-list\"><li><a href=\"https:\/\/lion-environnement.org\/wp-content\/uploads\/2019\/07\/vegetalisons_nos_murs.pdf\">V\u00e9g\u00e9talisons nos murs<\/a> (document MCE)<\/li><li><a href=\"https:\/\/lion-environnement.org\/wp-content\/uploads\/2019\/07\/Guide-pratique-embelissons-nos-murs.pdf\">Guide pratique embellissons nos murs<\/a> (document MCE)<\/li><li><a href=\"https:\/\/lion-environnement.org\/wp-content\/uploads\/2019\/07\/Cahier-botanique-version-livret.pdf\">Cahier botanique version livret<\/a> cliquez sur le lien <a href=\"https:\/\/www.facebook.com\/groups\/706616592813471\/?hc_ref=ARThG3N3djloyYsC006fUVb7UeHZgMNW9XUw3AoTvydlojUynvSnYURkkgu4gMqKk2I&amp;__xts__[0]=68.ARBFAxV_bq8ozxKgnsZpoDISIhEbjMhqPZRifi40-Py_oRn5i-nH5QswYUYPFBW48q1I1wnUATVwDQHrZpULXPdtBw2EDV88jrpbr437VyCTR_YLQDME8REvmQ90UYKuy2Y6dj-wttHv0OjZRv1EDXdLqharmfkwKI3tyLH4lJeYvVViXtYsW6bt1YDePPw5yuGvw7PJ1YBQSjBa5IWMwsTMlamRrOuPjCYYeynehd_P7pOEZkgNGVgLo9JKvqfnlq4D_pLAhn9Pz0cjr-xJhuA59mzXS0Y19wF0p1EM0_7s2VlolnYoAuDUOKH-gir_Dp46t6ENXCJK4IjAA41iZQCOzSn4BzQDnA&amp;__tn__=CH-R\">(document Caen Au Pied du Mur)<\/a><\/li><li><a href=\"https:\/\/www.arte.tv\/fr\/videos\/079320-001-A\/chroniques-vegetales-le-pissenlit\/\">Le secret des plantes sauvages<\/a>&nbsp; (Chroniques v\u00e9g\u00e9tales ARTE)<\/li><\/ul>\n\n\n\n<p><em><a href=\"https:\/\/lion-environnement.org\/index.php?cat=93\">Toute l&rsquo;actualit\u00e9 Au Pied du Mur<\/a><\/em><\/p>\n","protected":false},"excerpt":{"rendered":"<p>Redonnons vie \u00e0 nos murs Chacun observe la diminution de la biodiversit\u00e9, r\u00e9duction des populations d&rsquo;oiseaux, disparition de certaines esp\u00e8ces d&rsquo;insectes, apparition de plantes invasives au d\u00e9triment de plantes locales&#8230; Parall\u00e8lement, les scientifiques alertent depuis pr\u00e8s de quarante ans sur le d\u00e9r\u00e8glement climatique, li\u00e9 entre autres \u00e0 l&rsquo;augmentation du taux de gaz carbonique dans l&rsquo;atmosph\u00e8re.\u2026<\/p>\n","protected":false},"author":1545,"featured_media":3842,"parent":982,"menu_order":0,"comment_status":"closed","ping_status":"closed","template":"","meta":{"footnotes":""},"class_list":["post-2114","page","type-page","status-publish","has-post-thumbnail","hentry"],"_wp_attached_file":null,"_wp_attachment_metadata":null,"_menu_item_type":null,"_menu_item_menu_item_parent":null,"_menu_item_object_id":null,"_menu_item_object":null,"_menu_item_target":null,"_menu_item_classes":null,"_menu_item_xfn":null,"_menu_item_url":null,"_eventorganiser_event_schedule":null,"_eventorganiser_schedule_until":null,"_wpas_done_all":null,"_eventorganiser_schedule_start_start":null,"_eventorganiser_schedule_start_finish":null,"_eventorganiser_schedule_last_start":null,"_eventorganiser_schedule_last_finish":null,"_wp_attachment_backup_sizes":null,"_wp_attachment_context":null,"event_address":null,"event_start_date":null,"event_to_time":null,"event_from_time":null,"event_end_date":null,"_oembed_7e6c0eb53f1b87dceeb7157df4c64ecd":null,"_oembed_ac860e2f1183d5fbf8efad3e14b2b998":null,"_oembed_2fa3d1dc2e72f2f3db15582a07766e9d":null,"_oembed_ba1f94dfef6f2f056282005c87e1dd1f":null,"_oembed_b4fa8c58de01621c3377349423193585":null,"_oembed_2c076515dc13114e0a07a701157042d8":null,"_oembed_time_2c076515dc13114e0a07a701157042d8":null,"_su_description":null,"_wp_attachment_is_custom_header":null,"_wp_attachment_custom_header_last_used_enigma":null,"_mc_event_shortcode":null,"_mc_event_access":null,"_mc_event_id":null,"_mc_event_desc":null,"_mc_event_image":null,"_event_time_label":null,"_mc_event_data":null,"_snap_forceSURL":null,"snap_MYURL":null,"snapEdIT":null,"_mc_event_location":null,"_oembed_cdb00187755a40067dfed1152b83fa85":null,"_oembed_2a2b1181a4872c3fcae632ccb831338e":null,"_oembed_223e8f80fcafbbb0e655c3b852ad258b":null,"_oembed_f2dbc4e0e03552dca3704dc9d3b35b81":null,"_oembed_0f31e9c8d775433415a564642134b876":null,"_oembed_37f37d6d5d0f763259b5f2d5c6698765":null,"_oembed_7d585094b05c3c88729a16a5d0b76382":null,"_oembed_49e3f6fef25f62658e66c1baa5716b3c":null,"_oembed_3bbcd6cd9ba0f8e8cead97d8bddbbbae":null,"_oembed_6107383b394908a78bf711554ae8a1e4":null,"_oembed_5d6a5ae5cd2e93d5022ed2485426fcf4":null,"_oembed_422f96ea83a4884539ceb42326a11ee5":null,"_oembed_ab6628735dc0e2101ba08ec87fcef1b7":null,"_oembed_75bd89488fe790d8e4f203396bb84c81":null,"_oembed_time_75bd89488fe790d8e4f203396bb84c81":null,"_oembed_c6d8784021cf1310fe080cd343275a5a":null,"_oembed_time_c6d8784021cf1310fe080cd343275a5a":null,"_wp_attachment_custom_header_last_used_greenigma":null,"_wp_attachment_is_custom_background":null,"enclosure":null,"_oembed_3bca2a21e398bc75f8a1b2ec60f88d23":null,"_oembed_25600d5f25f51af7be904b38ccae40ec":null,"_oembed_time_25600d5f25f51af7be904b38ccae40ec":null,"_mc_guid":null,"_mc4wp_settings":null,"text_subscribed":null,"text_invalid_email":null,"text_required_field_missing":null,"text_already_subscribed":null,"text_error":null,"text_unsubscribed":null,"text_not_subscribed":null,"text_no_lists_selected":null,"text_updated":null,"_bbp_reply_count_hidden":null,"_bbp_topic_count_hidden":null,"_bbp_total_topic_count":null,"_bbp_topic_count":null,"_bbp_total_reply_count":null,"_bbp_reply_count":null,"_bbp_forum_subforum_count":null,"_bbp_last_active_time":null,"user_registration_form_setting_default_user_role":null,"user_registration_form_setting_enable_strong_password":null,"user_registration_form_setting_minimum_password_strength":null,"user_registration_form_setting_form_submit_label":null,"user_registration_form_setting_enable_recaptcha_support":null,"user_registration_form_template":null,"user_registration_form_custom_class":null,"_oembed_ef95b2b98f04716f23e0a4eed7816e1b":null,"_oembed_time_ef95b2b98f04716f23e0a4eed7816e1b":null,"_wp_attachment_image_alt":null,"_mc_event_date":null,"_customize_changeset_uuid":null,"sg_popup_target":null,"sg_popup_events":null,"sg_popup_options":null,"_oembed_caf01abe71309dc253791159ac4336cb":null,"_sgpb_original":null,"sg_popup_events_preview":null,"sg_popup_options_preview":null,"sg_popup_target_preview":null,"user_registration_form_setting_redirect_options":null,"_oembed_10c4a1529e884332ff612b45feeae083":null,"_bbp_forum_id":null,"_bbp_last_topic_id":null,"_bbp_last_reply_id":null,"_bbp_last_active_id":null,"_form":null,"_mail":null,"_mail_2":null,"_messages":null,"_additional_settings":null,"_locale":null,"_elementor_css":null,"_menu_sgpb_popup_id":null,"_oembed_bbc07775835a27fca3dab6de0a78c453":null,"cmplz_tc_document_status":null,"_oembed_a8eea5673581fdb5da3c215c1676eaf2":null,"_oembed_time_a8eea5673581fdb5da3c215c1676eaf2":null,"_bbp_forum_type":null,"_bbp_status":null,"_bbp_total_reply_count_hidden":null,"_wp_page_template":"default","_edit_last":"1559","_edit_lock":"1721921904:1564","_su_rich_snippet_type":"none","xyz_fbap":"1","xyz_fbap_insert_og":"1","_thumbnail_id":"3842","_jetpack_dont_email_post_to_subs":null,"_su_title":null,"_cmplz_scanned_post":"1","xyz_fbap_future_to_publish":{"post_fb_permission":1,"xyz_fbap_po_method":"2","xyz_fbap_message":"{POST_TITLE} vient d'\u00eatre publi\u00e9 sur {BLOG_TITLE}"},"_wp_old_slug":null,"_wp_old_date":null,"cmplz_hide_cookiebanner":"","_elementor_template_type":null,"_elementor_edit_mode":null,"_elementor_data":null,"_elementor_version":null,"_elementor_controls_usage":null,"classic-editor-remember":"block-editor","_wp_trash_meta_status":null,"_wp_trash_meta_time":null,"_wp_desired_post_slug":null,"yoast_head":"<!-- This site is optimized with the Yoast SEO plugin v27.0 - https:\/\/yoast.com\/product\/yoast-seo-wordpress\/ -->\n<title>Au Pied du Mur - Lion Environnement<\/title>\n<meta name=\"robots\" content=\"index, follow, max-snippet:-1, max-image-preview:large, max-video-preview:-1\" \/>\n<link rel=\"canonical\" href=\"https:\/\/lion-environnement.org\/index.php\/participer\/au-pied-du-mur\/\" \/>\n<meta property=\"og:locale\" content=\"fr_FR\" \/>\n<meta property=\"og:type\" content=\"article\" \/>\n<meta property=\"og:title\" content=\"Au Pied du Mur - Lion Environnement\" \/>\n<meta property=\"og:description\" content=\"Redonnons vie \u00e0 nos murs Chacun observe la diminution de la biodiversit\u00e9, r\u00e9duction des populations d&rsquo;oiseaux, disparition de certaines esp\u00e8ces d&rsquo;insectes, apparition de plantes invasives au d\u00e9triment de plantes locales&#8230; Parall\u00e8lement, les scientifiques alertent depuis pr\u00e8s de quarante ans sur le d\u00e9r\u00e8glement climatique, li\u00e9 entre autres \u00e0 l&rsquo;augmentation du taux de gaz carbonique dans l&rsquo;atmosph\u00e8re.\u2026\" \/>\n<meta property=\"og:url\" content=\"https:\/\/lion-environnement.org\/index.php\/participer\/au-pied-du-mur\/\" \/>\n<meta property=\"og:site_name\" content=\"Lion Environnement\" \/>\n<meta property=\"article:publisher\" content=\"https:\/\/www.facebook.com\/LionEnvironnement\/?locale=fr_FR\" \/>\n<meta property=\"article:modified_time\" content=\"2022-08-17T14:37:55+00:00\" \/>\n<meta property=\"og:image\" content=\"https:\/\/lion-environnement.org\/wp-content\/uploads\/2019\/04\/01-CREPAN-logo-VERT-POCHOIR-LION-SUR-MER-e1556532221197.png\" \/>\n\t<meta property=\"og:image:width\" content=\"531\" \/>\n\t<meta property=\"og:image:height\" content=\"414\" \/>\n\t<meta property=\"og:image:type\" content=\"image\/png\" \/>\n<meta name=\"twitter:card\" content=\"summary_large_image\" \/>\n<meta name=\"twitter:label1\" content=\"Dur\u00e9e de lecture estim\u00e9e\" \/>\n\t<meta name=\"twitter:data1\" content=\"2 minutes\" \/>\n<script type=\"application\/ld+json\" class=\"yoast-schema-graph\">{\"@context\":\"https:\/\/schema.org\",\"@graph\":[{\"@type\":\"WebPage\",\"@id\":\"https:\/\/lion-environnement.org\/index.php\/participer\/au-pied-du-mur\/\",\"url\":\"https:\/\/lion-environnement.org\/index.php\/participer\/au-pied-du-mur\/\",\"name\":\"Au Pied du Mur - Lion Environnement\",\"isPartOf\":{\"@id\":\"https:\/\/lion-environnement.org\/#website\"},\"primaryImageOfPage\":{\"@id\":\"https:\/\/lion-environnement.org\/index.php\/participer\/au-pied-du-mur\/#primaryimage\"},\"image\":{\"@id\":\"https:\/\/lion-environnement.org\/index.php\/participer\/au-pied-du-mur\/#primaryimage\"},\"thumbnailUrl\":\"https:\/\/lion-environnement.org\/wp-content\/uploads\/2019\/04\/01-CREPAN-logo-VERT-POCHOIR-LION-SUR-MER-e1556532221197.png\",\"datePublished\":\"2018-04-22T07:12:19+00:00\",\"dateModified\":\"2022-08-17T14:37:55+00:00\",\"breadcrumb\":{\"@id\":\"https:\/\/lion-environnement.org\/index.php\/participer\/au-pied-du-mur\/#breadcrumb\"},\"inLanguage\":\"fr-FR\",\"potentialAction\":[{\"@type\":\"ReadAction\",\"target\":[\"https:\/\/lion-environnement.org\/index.php\/participer\/au-pied-du-mur\/\"]}]},{\"@type\":\"ImageObject\",\"inLanguage\":\"fr-FR\",\"@id\":\"https:\/\/lion-environnement.org\/index.php\/participer\/au-pied-du-mur\/#primaryimage\",\"url\":\"https:\/\/lion-environnement.org\/wp-content\/uploads\/2019\/04\/01-CREPAN-logo-VERT-POCHOIR-LION-SUR-MER-e1556532221197.png\",\"contentUrl\":\"https:\/\/lion-environnement.org\/wp-content\/uploads\/2019\/04\/01-CREPAN-logo-VERT-POCHOIR-LION-SUR-MER-e1556532221197.png\",\"width\":531,\"height\":414},{\"@type\":\"BreadcrumbList\",\"@id\":\"https:\/\/lion-environnement.org\/index.php\/participer\/au-pied-du-mur\/#breadcrumb\",\"itemListElement\":[{\"@type\":\"ListItem\",\"position\":1,\"name\":\"Accueil\",\"item\":\"https:\/\/lion-environnement.org\/\"},{\"@type\":\"ListItem\",\"position\":2,\"name\":\"Participer\",\"item\":\"https:\/\/lion-environnement.org\/index.php\/participer\/\"},{\"@type\":\"ListItem\",\"position\":3,\"name\":\"Au Pied du Mur\"}]},{\"@type\":\"WebSite\",\"@id\":\"https:\/\/lion-environnement.org\/#website\",\"url\":\"https:\/\/lion-environnement.org\/\",\"name\":\"Lion Environnement\",\"description\":\"Lions nos \u00e9nergies pour pr\u00e9server l&#039;environnement et la sant\u00e9\",\"publisher\":{\"@id\":\"https:\/\/lion-environnement.org\/#organization\"},\"potentialAction\":[{\"@type\":\"SearchAction\",\"target\":{\"@type\":\"EntryPoint\",\"urlTemplate\":\"https:\/\/lion-environnement.org\/?s={search_term_string}\"},\"query-input\":{\"@type\":\"PropertyValueSpecification\",\"valueRequired\":true,\"valueName\":\"search_term_string\"}}],\"inLanguage\":\"fr-FR\"},{\"@type\":\"Organization\",\"@id\":\"https:\/\/lion-environnement.org\/#organization\",\"name\":\"Lion Environnement\",\"url\":\"https:\/\/lion-environnement.org\/\",\"logo\":{\"@type\":\"ImageObject\",\"inLanguage\":\"fr-FR\",\"@id\":\"https:\/\/lion-environnement.org\/#\/schema\/logo\/image\/\",\"url\":\"https:\/\/lion-environnement.org\/wp-content\/uploads\/2016\/04\/logoLElongWeb-1.jpg\",\"contentUrl\":\"https:\/\/lion-environnement.org\/wp-content\/uploads\/2016\/04\/logoLElongWeb-1.jpg\",\"width\":487,\"height\":113,\"caption\":\"Lion Environnement\"},\"image\":{\"@id\":\"https:\/\/lion-environnement.org\/#\/schema\/logo\/image\/\"},\"sameAs\":[\"https:\/\/www.facebook.com\/LionEnvironnement\/?locale=fr_FR\",\"https:\/\/www.instagram.com\/environnementlion\"]}]}<\/script>\n<!-- \/ Yoast SEO plugin. -->","yoast_head_json":{"title":"Au Pied du Mur - Lion Environnement","robots":{"index":"index","follow":"follow","max-snippet":"max-snippet:-1","max-image-preview":"max-image-preview:large","max-video-preview":"max-video-preview:-1"},"canonical":"https:\/\/lion-environnement.org\/index.php\/participer\/au-pied-du-mur\/","og_locale":"fr_FR","og_type":"article","og_title":"Au Pied du Mur - Lion Environnement","og_description":"Redonnons vie \u00e0 nos murs Chacun observe la diminution de la biodiversit\u00e9, r\u00e9duction des populations d&rsquo;oiseaux, disparition de certaines esp\u00e8ces d&rsquo;insectes, apparition de plantes invasives au d\u00e9triment de plantes locales&#8230; Parall\u00e8lement, les scientifiques alertent depuis pr\u00e8s de quarante ans sur le d\u00e9r\u00e8glement climatique, li\u00e9 entre autres \u00e0 l&rsquo;augmentation du taux de gaz carbonique dans l&rsquo;atmosph\u00e8re.\u2026","og_url":"https:\/\/lion-environnement.org\/index.php\/participer\/au-pied-du-mur\/","og_site_name":"Lion Environnement","article_publisher":"https:\/\/www.facebook.com\/LionEnvironnement\/?locale=fr_FR","article_modified_time":"2022-08-17T14:37:55+00:00","og_image":[{"width":531,"height":414,"url":"https:\/\/lion-environnement.org\/wp-content\/uploads\/2019\/04\/01-CREPAN-logo-VERT-POCHOIR-LION-SUR-MER-e1556532221197.png","type":"image\/png"}],"twitter_card":"summary_large_image","twitter_misc":{"Dur\u00e9e de lecture estim\u00e9e":"2 minutes"},"schema":{"@context":"https:\/\/schema.org","@graph":[{"@type":"WebPage","@id":"https:\/\/lion-environnement.org\/index.php\/participer\/au-pied-du-mur\/","url":"https:\/\/lion-environnement.org\/index.php\/participer\/au-pied-du-mur\/","name":"Au Pied du Mur - Lion Environnement","isPartOf":{"@id":"https:\/\/lion-environnement.org\/#website"},"primaryImageOfPage":{"@id":"https:\/\/lion-environnement.org\/index.php\/participer\/au-pied-du-mur\/#primaryimage"},"image":{"@id":"https:\/\/lion-environnement.org\/index.php\/participer\/au-pied-du-mur\/#primaryimage"},"thumbnailUrl":"https:\/\/lion-environnement.org\/wp-content\/uploads\/2019\/04\/01-CREPAN-logo-VERT-POCHOIR-LION-SUR-MER-e1556532221197.png","datePublished":"2018-04-22T07:12:19+00:00","dateModified":"2022-08-17T14:37:55+00:00","breadcrumb":{"@id":"https:\/\/lion-environnement.org\/index.php\/participer\/au-pied-du-mur\/#breadcrumb"},"inLanguage":"fr-FR","potentialAction":[{"@type":"ReadAction","target":["https:\/\/lion-environnement.org\/index.php\/participer\/au-pied-du-mur\/"]}]},{"@type":"ImageObject","inLanguage":"fr-FR","@id":"https:\/\/lion-environnement.org\/index.php\/participer\/au-pied-du-mur\/#primaryimage","url":"https:\/\/lion-environnement.org\/wp-content\/uploads\/2019\/04\/01-CREPAN-logo-VERT-POCHOIR-LION-SUR-MER-e1556532221197.png","contentUrl":"https:\/\/lion-environnement.org\/wp-content\/uploads\/2019\/04\/01-CREPAN-logo-VERT-POCHOIR-LION-SUR-MER-e1556532221197.png","width":531,"height":414},{"@type":"BreadcrumbList","@id":"https:\/\/lion-environnement.org\/index.php\/participer\/au-pied-du-mur\/#breadcrumb","itemListElement":[{"@type":"ListItem","position":1,"name":"Accueil","item":"https:\/\/lion-environnement.org\/"},{"@type":"ListItem","position":2,"name":"Participer","item":"https:\/\/lion-environnement.org\/index.php\/participer\/"},{"@type":"ListItem","position":3,"name":"Au Pied du Mur"}]},{"@type":"WebSite","@id":"https:\/\/lion-environnement.org\/#website","url":"https:\/\/lion-environnement.org\/","name":"Lion Environnement","description":"Lions nos \u00e9nergies pour pr\u00e9server l&#039;environnement et la sant\u00e9","publisher":{"@id":"https:\/\/lion-environnement.org\/#organization"},"potentialAction":[{"@type":"SearchAction","target":{"@type":"EntryPoint","urlTemplate":"https:\/\/lion-environnement.org\/?s={search_term_string}"},"query-input":{"@type":"PropertyValueSpecification","valueRequired":true,"valueName":"search_term_string"}}],"inLanguage":"fr-FR"},{"@type":"Organization","@id":"https:\/\/lion-environnement.org\/#organization","name":"Lion Environnement","url":"https:\/\/lion-environnement.org\/","logo":{"@type":"ImageObject","inLanguage":"fr-FR","@id":"https:\/\/lion-environnement.org\/#\/schema\/logo\/image\/","url":"https:\/\/lion-environnement.org\/wp-content\/uploads\/2016\/04\/logoLElongWeb-1.jpg","contentUrl":"https:\/\/lion-environnement.org\/wp-content\/uploads\/2016\/04\/logoLElongWeb-1.jpg","width":487,"height":113,"caption":"Lion Environnement"},"image":{"@id":"https:\/\/lion-environnement.org\/#\/schema\/logo\/image\/"},"sameAs":["https:\/\/www.facebook.com\/LionEnvironnement\/?locale=fr_FR","https:\/\/www.instagram.com\/environnementlion"]}]}},"_links":{"self":[{"href":"https:\/\/lion-environnement.org\/index.php\/wp-json\/wp\/v2\/pages\/2114","targetHints":{"allow":["GET"]}}],"collection":[{"href":"https:\/\/lion-environnement.org\/index.php\/wp-json\/wp\/v2\/pages"}],"about":[{"href":"https:\/\/lion-environnement.org\/index.php\/wp-json\/wp\/v2\/types\/page"}],"author":[{"embeddable":true,"href":"https:\/\/lion-environnement.org\/index.php\/wp-json\/wp\/v2\/users\/1545"}],"replies":[{"embeddable":true,"href":"https:\/\/lion-environnement.org\/index.php\/wp-json\/wp\/v2\/comments?post=2114"}],"version-history":[{"count":31,"href":"https:\/\/lion-environnement.org\/index.php\/wp-json\/wp\/v2\/pages\/2114\/revisions"}],"predecessor-version":[{"id":7008,"href":"https:\/\/lion-environnement.org\/index.php\/wp-json\/wp\/v2\/pages\/2114\/revisions\/7008"}],"up":[{"embeddable":true,"href":"https:\/\/lion-environnement.org\/index.php\/wp-json\/wp\/v2\/pages\/982"}],"wp:featuredmedia":[{"embeddable":true,"href":"https:\/\/lion-environnement.org\/index.php\/wp-json\/wp\/v2\/media\/3842"}],"wp:attachment":[{"href":"https:\/\/lion-environnement.org\/index.php\/wp-json\/wp\/v2\/media?parent=2114"}],"curies":[{"name":"wp","href":"https:\/\/api.w.org\/{rel}","templated":true}]}}